
Let i(o) = -o**2 - 6*o - 4. What is i(-4)?
4
Let q(o) = -o**2 - 32*o - 8. What is q(-24)?
184
Let g(a) = -12*a + 42. Determine g(4).
-6
Let r(b) = b**2 + 13*b + 16. Determine r(-15).
46
Let n(w) = 4*w + 67. Give n(0).
67
Let z(n) = n**3 + 7*n**2 + 8*n - 4. Calculate z(-5).
6
Let t(v) = -v - 11. Give t(-10).
-1
Let n(w) = -12*w - 81. Give n(-6).
-9
Let c(d) = 14*d + 176. Determine c(-13).
-6
Let u(a) = 2*a**3 - 12*a**2 - 2*a - 3. What is u(6)?
-15
Let l(s) = s**3 - 19*s**2 + 3*s - 39. Give l(19).
18
Let n(r) = -r + 38. What is n(33)?
5
Let n(z) = 6*z - 8. What is n(1)?
-2
Let f(s) = -41*s**2 - 246*s + 7. What is f(-6)?
7
Let p(s) = 38*s. Calculate p(1).
38
Let i(n) = 11*n**3 - 5*n**2 + 2*n. What is i(2)?
72
Let t(q) = q**3 - q**2 - 5*q - 5. Calculate t(-2).
-7
Let a(s) = s**2 - 12*s - 13. Calculate a(11).
-24
Let q(a) = a**2 - 66*a - 1314. Calculate q(-16).
-2
Let r(g) = -g**3 - g**2 + g - 11. What is r(0)?
-11
Let x(s) = -4*s + 9. Determine x(8).
-23
Let g(a) = a + 1. Determine g(-3).
-2
Let t(h) = -h**2 + 3*h + 1. Determine t(5).
-9
Let y(o) = -3*o**2 - 36*o + 9. What is y(-12)?
9
Let w(s) = 3*s**2 - 3*s + 2. Calculate w(3).
20
Let q(b) = -5*b**2 + 47*b - 17. Give q(9).
1
Let k(z) = 168*z**3 - z - 2. What is k(-1)?
-169
Let s(j) = -j**2 + 3*j + 119. Determine s(-9).
11
Let i(p) = p**3 + 2*p**2 + 4*p - 2. What is i(-3)?
-23
Let b(x) = -x**2 - 43*x + 81. What is b(-45)?
-9
Let i(l) = -l**3 + 8*l**2 + 14*l + 5. What is i(10)?
-55
Let n(j) = -132*j + 1053. Give n(8).
-3
Let r(w) = 2*w**2 - 2*w + 2. What is r(-3)?
26
Let o(u) = u**2 + 8*u - 34. Calculate o(-10).
-14
Let p(n) = -2*n - 4. Determine p(4).
-12
Let y(r) = -17*r**2 - 2*r + 1. What is y(1)?
-18
Let y(q) = -2*q - 2. What is y(2)?
-6
Let w(h) = 3*h + 55. What is w(-17)?
4
Let m(s) = s**3 - 3*s**2 + 3*s - 10. Give m(4).
18
Let a(x) = -69*x**3 - x**2 + x + 2. Calculate a(-1).
69
Let i(p) = -p - 26. Determine i(-15).
-11
Let t(d) = -5*d + 12. What is t(2)?
2
Let x(v) = -v**3 + 9*v**2 - 8*v - 4. What is x(8)?
-4
Let o(m) = -m**3 + 4*m**2 - 3*m + 2. Calculate o(0).
2
Let i(u) = -u**2 + 6*u + 6. Determine i(-4).
-34
Let q(v) = -v**3 - 4*v**2 + 2*v + 14. Calculate q(-4).
6
Let h(n) = -n**2 + 5*n - 4. Calculate h(4).
0
Let x(z) = 24*z**3 - 4*z + 3. Determine x(1).
23
Let p(u) = u - 8. Determine p(5).
-3
Let z(t) = -t - 58. What is z(-59)?
1
Let h(w) = -7*w + 30. Determine h(6).
-12
Let c(g) = -g**3 - 14*g**2 + 19*g + 20. Determine c(-15).
-40
Let r(v) = v**2 - 3*v + 1. Give r(2).
-1
Let n(j) = -j**3 + 22*j**2 + 51*j - 71. What is n(24)?
1
Let u(l) = l**2 - 16*l + 35. Calculate u(13).
-4
Let b(p) = -10*p + 78. Give b(19).
-112
Let n(g) = -3*g**3 + g**2 - 2*g + 1. What is n(-3)?
97
Let b(a) = a**2 - 13*a + 30. What is b(9)?
-6
Let l(s) = 6*s + 5. Calculate l(8).
53
Let y(l) = 11*l + 81. Give y(-8).
-7
Let k(p) = -6*p + 16. What is k(3)?
-2
Let w(c) = -65*c**2 - 194*c - 3. Calculate w(-3).
-6
Let l(y) = 10*y**2 + y + 2. What is l(-2)?
40
Let i(d) = -3*d**2 + 2*d - 9. Determine i(2).
-17
Let a(z) = 8*z + 11. What is a(2)?
27
Let v(u) = u**3 + 15*u**2 + 7*u - 49. Give v(-14).
49
Let r(j) = -5*j + 65. Give r(15).
-10
Let a(m) = 4*m - 57. Calculate a(13).
-5
Let o(a) = -a**3 + 7*a**2 - 8*a + 2. What is o(6)?
-10
Let p(u) = -2*u**3 + 5*u**2 - u - 3. Calculate p(3).
-15
Let a(c) = c**3 - c**2 - c - 1. What is a(-2)?
-11
Let n(o) = -55*o - 14. What is n(1)?
-69
Let s(a) = -a + 26. Give s(29).
-3
Let l(s) = s**3 + 6*s**2 + 4*s. What is l(-6)?
-24
Let j(m) = m**2 + 29*m - 29. Determine j(-30).
1
Let h(i) = 11*i + 1. Calculate h(-1).
-10
Let a(m) = 11*m**2 + 2*m. What is a(-1)?
9
Let b(d) = d**3 - 8*d + 7. Determine b(2).
-1
Let t(g) = -7*g + 3. Give t(2).
-11
Let x(t) = -14*t - 182. Give x(-14).
14
Let s(i) = -70*i - 1613. What is s(-23)?
-3
Let r(m) = -m**3 - 7*m**2 + 2*m + 12. What is r(-7)?
-2
Let b(g) = -g**2 - g + 16. Determine b(-5).
-4
Let m(w) = 12*w**3 + w**2 - 2*w + 1. What is m(1)?
12
Let o(f) = 107*f - 1. Determine o(1).
106
Let d(p) = -p**3 - 7*p**2 + 8*p + 6. What is d(-9)?
96
Let o(t) = -t**3 + 7*t**2 - 8*t + 5. What is o(6)?
-7
Let y(d) = -d**2 - d + 13. What is y(4)?
-7
Let d(f) = f**3 + 13*f**2 - 3*f - 1. Determine d(-3).
98
Let x(h) = 24*h**2 - 1. Calculate x(2).
95
Let r(a) = 5*a - 32. What is r(6)?
-2
Let c(y) = -2*y**2 - 3*y - 9. Calculate c(4).
-53
Let x(t) = -t**3 + 21*t**2 - 19*t - 27. Calculate x(20).
-7
Let x(a) = -a**3 - 17*a**2 - 19*a - 29. Determine x(-16).
19
Let t(f) = -8*f + 244. Calculate t(31).
-4
Let z(l) = l - 5. Calculate z(-4).
-9
Let m(l) = 6*l + 2. What is m(-2)?
-10
Let x(l) = 4*l + 33. What is x(-10)?
-7
Let r(n) = -n**2 + 25*n - 49. What is r(23)?
-3
Let i(c) = -8*c - 21. Give i(-14).
91
Let h(s) = -20*s**2 + 2*s - 1. What is h(1)?
-19
Let w(p) = -p**3 - 4*p**2 - 2*p + 1. Determine w(-3).
-2
Let w(s) = -10*s + 8. Determine w(4).
-32
Let g(r) = 6*r + 8. Calculate g(-9).
-46
Let u(d) = -d**3 + 3*d**2 + d + 2. Determine u(2).
8
Let c(s) = -4*s**2 + 2*s + 4. Determine c(-1).
-2
Let a(d) = 2*d**2 + 3*d + 6. Give a(-2).
8
Let k(b) = 2*b - 30. Give k(15).
0
Let h(v) = v - 6. What is h(-8)?
-14
Let z(c) = -c**3 + 6*c**2 - 6*c + 8. Give z(6).
-28
Let w(i) = 3*i**2 + 7*i + 6. Determine w(-4).
26
Let x(h) = 49*h + 2. Give x(2).
100
Let y(j) = -2*j**2 + 62*j - 45. Give y(26).
215
Let m(d) = 2*d**2 - 33*d + 21. What is m(16)?
5
Let v(s) = s**3 + 15*s**2 + 13*s - 8. Determine v(-14).
6
Let z(q) = q**3 + 3*q**2 - 2*q - 4. Calculate z(0).
-4
Let m(a) = a**3 - 15*a**2 + 13*a - 11. Calculate m(14).
-25
Let p(z) = -2*z**2 - 15*z - 13. Give p(-6).
5
Let w(z) = 5*z**2 - 30*z + 24. What is w(7)?
59
Let w(h) = h**3 - 5*h**2 + 6. Calculate w(2).
-6
Let d(p) = -p**2 + 14*p - 26. Determine d(11).
7
Let z(u) = u - 2. What is z(3)?
1
Let q(x) = -x**2 + 20*x - 5. What is q(16)?
59
Let i(m) = m**3 - 16*m**2 + 2*m - 30. What is i(16)?
2
Let c(z) = -z**2 + 10*z - 29. Calculate c(7).
-8
Let t(j) = -j**2 + 9*j - 10. Calculate t(13).
-62
Let k(h) = 3*h**2 - 3*h + 6. Give k(3).
24
Let l(y) = -2*y + 4. Determine l(-6).
16
Let o(n) = n**3 + 23*n**2 + 41*n - 7. What is o(-21)?
14
Let x(s) = -s**2 + s - 15. Calculate x(0).
-15
Let u(d) = 19*d - 225. Calculate u(12).
3
Let f(m) = -5*m + 19. What is f(0)?
19
Let p(d) = d**2 + 14*d + 18. What is p(-12)?
-6
Let u(o) = -o**2 - 14*o + 24. Calculate u(-16).
-8
Let s(m) = 7*m**2 - 2*m + 1. Give s(2).
25
Let q(r) = -r - 9. What is q(-1)?
-8
Let g(b) = b**2 - 31*b - 181. What is g(-5)?
-1
Let b(p) = -p**2 + 12*p + 35. Determine b(15).
-10
Let n(r) = -19*r + 248. Determine n(13).
1
Let d(a) = -a**2 - 4*a + 6. Determine d(-6).
-6
Let l(d) = -d**3 + 4*d**2 + 3*d - 5. Determine l(4).
7
Let p(b) = b**3 + 10*b**2 + 10*b + 10. Calculate p(-9).
1
Let w(s) = -3*s - 4. Determine w(2).
-10
Let b(f) = -f**2 + 20*f + 47. Calculate b(22).
3
Let u(r) = -2*r**2 - 3*r + 15. Calculate u(5).
-50
Let k(r) = r**3 - 25*r**2 + 22*r + 51. Calculate k(24).
3
Let y(x) = -4*x**2 + 33*x + 12. What is y(9)?
-15
Let q(x) = -x**3 + 2*x**2 - 5*x + 3. Determine q(2).
-7
Let x(h) = 3*h**2 + 38*h + 16. Calculate x(-11).
-39
Let l(d) = d**3 - 4*d**2 + d. Give l(3).
-6
Let f(d) = -d**3 + 8*d**2 - 11*d + 34. Give f(7).
6
Let h(q) = 7*q**2 - q + 1. Give h(1).
7
Let n(p) = -7*p - 121. Determine n(-18).
5
Let r(a) = -a**3 + 46*a + 18. What is r(7)?
-3
Let o(h) = -h**3 + 31*h**2 - 32*h + 8. Calculate o(30).
-52
Let k(i) = -i**3 + 9*i**2 - 13*i - 2. Determine k(7).
5
Let p(m) = -2*m - 4. Calculate p(1).
-6
Let q(z) = z - 13. Give q(-17).
-30
Let u(g) = -5*g**2 + 5*g - 2. What is u(3)?
-32
Let g(f) = f**2 - 31*f - 1. Give g(0).
-1
Let r(k) = 17*k**2 + 70*k + 9. Give r(-4).
1
Let z(i) = i**3 - 6*i**2 + 3*i - 4. Determine z(7).
66
Let j(t) = -t**3 - 6*t**2 - 8*t - 10. Calculate j(-4).
-10
Let w(a) = -9*a**2 + 5*a - 16. Calculate w(0).
-16
Let t(z) = -z**2 - 9*z - 11. What is t(-7)?
3
Let x(q) = 3*q**2 + 29*q - 8. What is x(-10)?
2
Let n(g) = -3*g + 43. Determine n(18).
-11
Let w(c) = 2*c - 27. What is w(14)?
1
Let w(d) = d**3 + 7*d**2 + 4*d + 14. Determine w(-7).
-14
Let p(v) = -v**2 - 13*v - 31. What is p(-3)?
-1
Let n(y) = 23*y + 274. What is n(-12)?
-2
Let h(j) = j**3 - 8*j**2 + 2*j - 9. What is h(8)?
7
Let y(f) = f**2 - 6*f - 11. What is y(7)?
-4
Let z(y) = 27*y - 234. Give z(9).
9
Let o(q) = q**3 - 